ighest common divisor of 45 and 905?
5
Calculate the highest common divisor of 445000 and 1424.
712
Calculate the highest common factor of 618 and 1698.
6
Calculate the highest common divisor of 344 and 23564.
172
What is the highest common factor of 493 and 9947?
29
What is the highest common divisor of 190 and 24168?
38
What is the highest common divisor of 24983 and 7?
7
What is the highest common divisor of 39160 and 594?
22
What is the highest common factor of 6400 and 704?
64
Calculate the highest common factor of 1105 and 21250.
85
What is the highest common divisor of 10 and 12965?
5
Calculate the greatest common divisor of 8 and 5010.
2
Calculate the highest common divisor of 6751440 and 576.
144
What is the highest common factor of 37070 and 550?
110
What is the greatest common factor of 300 and 21150?
150
Calculate the highest common factor of 12015 and 645.
15
What is the highest common divisor of 272818 and 182?
182
Calculate the highest common factor of 48 and 3644.
4
What is the greatest common divisor of 5880 and 2760?
120
Calculate the greatest common divisor of 3477 and 16653.
183
Calculate the greatest common factor of 1536 and 52.
4
What is the highest common divisor of 990 and 1298?
22
What is the highest common factor of 40 and 165240?
40
Calculate the greatest common divisor of 2392 and 2484.
92
Calculate the highest common factor of 109650 and 12.
6
What is the greatest common factor of 30990 and 3120?
30
What is the highest common factor of 54841 and 519?
173
Calculate the highest common divisor of 765056 and 1720.
344
What is the highest common factor of 2415666 and 110?
22
What is the highest common factor of 25 and 639475?
25
Calculate the highest common factor of 109 and 2071.
109
Calculate the greatest common divisor of 7008 and 704.
32
What is the highest common factor of 988 and 490542?
494
What is the greatest common factor of 20 and 144410?
10
Calculate the highest common divisor of 294508 and 136.
68
What is the greatest common divisor of 15967 and 973?
7
What is the highest common divisor of 5616 and 25038?
234
What is the highest common divisor of 24 and 360312?
24
Calculate the greatest common factor of 30563 and 1391.
13
Calculate the highest common divisor of 172631 and 329.
47
What is the highest common divisor of 150 and 20950?
50
Calculate the highest common factor of 4590 and 2805.
255
Calculate the greatest common factor of 3368469 and 195.
39
Calculate the highest common factor of 103488 and 441.
147
Calculate the highest common divisor of 5707 and 104.
13
What is the greatest common divisor of 42439 and 775?
31
Calculate the greatest common divisor of 38 and 121942.
38
What is the greatest common divisor of 1396488 and 744?
744
Calculate the highest common factor of 174 and 2779012.
58
What is the greatest common factor of 124436 and 364?
52
Calculate the greatest common factor of 215641 and 669.
223
What is the greatest common divisor of 32 and 19664?
16
Calculate the highest common divisor of 534 and 171681.
267
What is the highest common factor of 13916 and 568?
284
Calculate the greatest common divisor of 319 and 65615.
11
What is the highest common factor of 3 and 50302?
1
Calculate the greatest common factor of 83096 and 325.
13
What is the highest common divisor of 130151 and 329?
7
Calculate the greatest common divisor of 192 and 4728.
24
Calculate the greatest common factor of 3474 and 50566.
386
Calculate the highest common factor of 1045 and 11951.
19
Calculate the highest common divisor of 45428 and 43766.
554
Calculate the greatest common factor of 1 and 6871.
1
Calculate the greatest common factor of 272712 and 55.
11
Calculate the highest common factor of 2 and 14369.
1
What is the highest common divisor of 1177 and 11?
11
Calculate the highest common factor of 2714479 and 2690.
269
Calculate the highest common factor of 1608 and 786.
6
What is the greatest common factor of 3272 and 146831?
409
Calculate the greatest common divisor of 399 and 438186.
21
Calculate the highest common factor of 19928 and 18424.
376
Calculate the highest common factor of 82008 and 47704.
536
Calculate the highest common divisor of 5375006 and 1274.
1274
Calculate the greatest common divisor of 84 and 2184028.
28
Calculate the greatest common divisor of 424 and 840.
8
Calculate the highest common factor of 17034 and 4692.
102
Calculate the greatest common factor of 182 and 1799161.
91
Calculate the highest common factor of 158385 and 120.
15
What is the highest common divisor of 4537 and 295603?
349
What is the highest common factor of 40 and 74368?
8
Calculate the greatest common divisor of 57 and 38.
19
What is the highest common factor of 8308 and 536?
268
Calculate the highest common factor of 354754 and 178.
178
Calculate the highest common factor of 108792 and 216.
72
Calculate the highest common divisor of 8334 and 81.
9
What is the highest common factor of 2268 and 329427?
567
Calculate the greatest common factor of 3294195 and 30.
15
What is the greatest common divisor of 2563000 and 699?
233
Calculate the highest common divisor of 25947 and 216.
27
What is the greatest common factor of 72745 and 55?
5
What is the highest common factor of 2808 and 3807?
27
Calculate the greatest common divisor of 153 and 27591.
51
What is the highest common divisor of 6412 and 2548?
28
What is the highest common divisor of 56446 and 668?
334
Calculate the greatest common divisor of 259 and 33966.
37
Calculate the greatest common divisor of 27 and 101547.
27
What is the highest common divisor of 12090 and 20046?
78
Calculate the greatest common factor of 306 and 10506.
102
What is the greatest common factor of 20 and 243715?
5
Calculate the highest common factor of 6464 and 344.
8
Calculate the highest common factor of 727396 and 29716.
1292
What is the greatest common factor of 248994 and 10759?
1537
Calculate the greatest common factor of 224 and 113680.
112
Calculate the highest common divisor of 194968 and 40.
8
What is the highest common factor of 70938 and 1701?
63
Calculate the greatest common divisor of 22050 and 462000.
1050
What is the highest common factor of 2904 and 15384?
24
What is the greatest common factor of 17177 and 178?
89
Calculate the greatest common factor of 374 and 91817.
187
What is the greatest common factor of 7232 and 1728?
64
What is the highest common factor of 1426 and 2232?
62
What is the highest common divisor of 38 and 261250?
38
Calculate the greatest common factor of 132 and 31251.
33
Calculate the greatest common factor of 1442 and 6706.
14
What is the greatest common divisor of 17473 and 1919?
101
Calculate the greatest common factor of 180 and 52300.
20
Calculate the greatest common divisor of 884510 and 187.
187
Calculate the greatest common factor of 515385 and 936.
117
Calculate the highest common factor of 124024 and 888.
296
Calculate the greatest common divisor of 2 and 29702.
2
What is the greatest common factor of 44989 and 119?
7
What is the greatest common factor of 137628 and 144?
36
Calculate the highest common divisor of 2764584 and 504.
72
Calculate the highest common divisor of 1335 and 11745.
15
Calculate the highest common factor of 40793 and 1808.
113
Calculate the greatest common factor of 3552 and 10104.
24
What is the greatest common factor of 549300 and 72?
12
What is the greatest common divisor of 8361 and 279?
9
What is the greatest common divisor of 2730 and 49790?
130
What is the highest common factor of 854 and 31354?
122
What is the greatest common factor of 2747 and 111602?
41
What is the greatest common factor of 622840 and 20?
20
What is the highest common factor of 856 and 15194?
214
What is the greatest common divisor of 1414 and 3737?
101
Calculate the greatest common factor of 450 and 58950.
450
Calculate the highest common factor of 245 and 259063.
49
What is the greatest common divisor of 133628 and 88?
44
Calculate the highest common divisor of 221 and 13311.
17
What is the greatest common factor of 1 and 21917?
1
Calculate the highest common factor of 28836 and 36.
36
What is the greatest common factor of 304 and 3721568?
304
Calculate the greatest common factor of 26956 and 14064.
1172
Calculate the highest common factor of 7230